 of d(s)?
2
Suppose -h = 3*h + 24. What is the units digit of -18*(9/h + 1)?
9
Suppose 5*i + 4*p - 127 = 0, 3*i - 85 + 31 = 5*p. What is the tens digit of i?
2
Let g be -2 + 73 + 6/(-2). Suppose 5*d - 42 - g = 0. What is the tens digit of d?
2
Let a be (-9)/(-6) - (-10)/4. Let o(x) = x**3 - x**2 - x. Let b be o(2). Suppose 0 = f - 1, b*d - d + a*f - 10 = 0. What is the units digit of d?
6
Let k = -6 - -8. What is the units digit of ((-7)/k)/(6/(-12))?
7
Suppose -5*k + 1 + 4 = 0. Suppose -2*w - k = -3*w. What is the units digit of w?
1
Let j be 2/(-2 - (-28)/13). Let m = -7 + j. What is the units digit of m?
6
Suppose 6*z = z - 30. Let r(h) be the second derivative of h**5/20 + 5*h**4/12 - 3*h**3/2 - 3*h**2 - 7*h. What is the tens digit of r(z)?
1
Suppose 0 = 3*m - 13 - 2. Let a = m - 6. What is the units digit of 4*(0 + 2 - a)?
2
What is the tens digit of (4830/45)/((-2)/(-3))?
6
Suppose 4*q - 4*o = 0, -3*q - 2*o + 1 = -4. Let u(n) = -n + 1. Let x(l) = -1. Let m(i) = q*u(i) + 2*x(i). What is the units digit of m(-10)?
9
Suppose 2*n = -2*n + 8. Let m be 2 + (n - 3 - -1). Suppose 6 = q + 4*p, -m*p = -4*q - 0*p + 60. What is the tens digit of q?
1
Let d(c) = -c**2 + 8*c + 5. Let f be d(4). Let v = f - -7. Suppose 6*k - 2*k = v. What is the units digit of k?
7
Suppose 9*u + 325 = 10*u. What is the units digit of u?
5
Suppose 0 = 4*j - 2*w - 88, -4*j - 4*w + 24 = -2*j. What is the units digit of 832/j - 3/5?
1
Let n(v) = 3*v**2 - v - 11. What is the tens digit of n(5)?
5
Let z(q) = 22*q - 1. Let t = 1 - 0. Let a be z(t). Suppose 5*j - 2*j - a = 0. What is the units digit of j?
7
Let b be (49/(-4) - 0)*4. What is the tens digit of 3/(-6) - b/2?
2
Let a = 14 + -10. Suppose 5*u + 1 = 4*q, -19 = -4*u + 3*u - a*q. What is the units digit of u?
3
Let o = 178 - 89. What is the units digit of o?
9
Let h(s) = s**2 - 3*s + 3. Let x be h(5). Let j = x + -20. Let r = j + 15. What is the units digit of r?
8
Let k(v) = v**2 + v + 3. Let y be k(3). Suppose 5*b - 5*x + y = 0, -b = x + 2*x + 23. Let w = 3 - b. What is the units digit of w?
1
Suppose 3*m + 5*m - 1784 = 0. What is the tens digit of m?
2
Let w = 23 - 11. What is the units digit of w?
2
Let j = 28 + -17. Suppose 4*b + t + 5 = 0, -5*b - 2*t - j + 1 = 0. Suppose -5*h + 5 + 15 = b. What is the units digit of h?
4
Let o = -28 + 14. Let r = o - -34. Let d = r - 10. What is the units digit of d?
0
Let n = -14 + 234. What is the tens digit of n?
2
Let d(w) = -w**3 - 4*w**2 - w - 5. Let n = 7 + -11. Let o be d(n). What is the units digit of (0 - 0) + (1 - o)?
2
Let l(w) = w**2 + 5*w - 12. What is the hundreds digit of l(-14)?
1
Let k = 221 - 130. What is the tens digit of k?
9
Let r = 206 - 109. What is the units digit of r?
7
Let n = -9 + 44. What is the tens digit of n?
3
Let m be ((-6)/(-4))/(6/32). Suppose -5*x = -5*t + 10, 3*t + 2*x - 13 = m. Suppose -12 = -t*a + a. What is the units digit of a?
3
Suppose 3*m = s - 5*s + 69, m + 3*s - 18 = 0. What is the tens digit of m?
2
Let w(i) = 3*i**3 - 3*i**2 + i - 7. Let p(f) = -6*f**3 + 7*f**2 - 3*f + 15. Let a(m) = -4*p(m) - 9*w(m). What is the tens digit of a(-2)?
1
Suppose 6*t - 314 = 40. What is the units digit of t?
9
Suppose -5*t + 41 + 19 = 0. Let u = t + -10. What is the units digit of u?
2
Let j(g) = g**3 - 6*g**2 + 6*g + 2. What is the units digit of j(5)?
7
Let r(n) = 2*n**2 + n + 6. Let x be r(-6). Suppose -3*g = -7*g + x. What is the units digit of g?
8
Let k = -2 + 4. Let a = k + -2. Suppose a = -u + 5*u - 8. What is the units digit of u?
2
Let p(d) = d + 12. Suppose 0 = b + 5*z - 37, 2 = -b + 5*z - 1. Suppose 5 = -2*v - b. What is the units digit of p(v)?
1
Let u(n) be the second derivative of n**3/3 - 5*n**2 - 2*n. Let v(s) = s**3 + 5*s**2 - 8*s - 3. Let b be v(-6). What is the units digit of u(b)?
8
Let v(g) = -10*g**3 + g + 1. Let l(n) = 11*n**3 - n - 1. Let f(m) = 4*l(m) + 5*v(m). What is the units digit of f(-1)?
6
Suppose -3*f - 4 = -4*f. Let z(b) = -3*b**3 + 4 - b**2 - f. What is the units digit of z(-1)?
2
What is the units digit of (-3*1 + -1)/(3/(-48))?
4
Let m = -1 + 3. Suppose 21 + 1 = m*f. Let d = f - 6. What is the units digit of d?
5
Let s(w) = w**2 + 2*w - 3. Let p(k) be the first derivative of 3*k**2 + k + 1. Let h be p(-1). What is the units digit of s(h)?
2
Let p = -5 - -9. Suppose -8 = -r - 4*m, 2*m = -r - p*r + 94. Suppose -6*w + q + 36 = -w, -3*w + q = -r. What is the units digit of w?
8
Let s(q) = 2*q - 3. Let j be s(3). Suppose j - 4 = h. What is the units digit of (h + 1 + 1)*8?
8
Let s = -1 + 6. Suppose s*f - 2 = 4*f. What is the units digit of f?
2
Let k(l) = 4*l - 2 - l**2 - 9*l - l**3 + 5*l. Let p = 1 - 3. What is the units digit of k(p)?
2
Suppose 0 = -2*w - 27 + 179. What is the tens digit of w?
7
Suppose -2*t - t - 15 = 0, -4*t = -5*j + 120. Suppose -p = 4*p - j. What is the units digit of p?
4
Suppose 8*l = 12*l - 8. What is the units digit of l?
2
Let q(h) = -2*h**3 - 4*h**2 - 3*h + 1. What is the units digit of q(-3)?
8
Let n be 58/(-7) - 4/(-14). Let o(c) = -3*c - 12. What is the units digit of o(n)?
2
Let v(r) = r**2 - 2*r - 2. Let u be v(3). Suppose 2*t = 5*t - 15, 4*y - 3 = t. Suppose 3 + u = y*l. What is the units digit of l?
2
Suppose -2*u + 9 = 5*y, 2*u + 0*y + 9 = y. Let c = u - -8. What is the units digit of c?
5
Let d(j) = -j + 41. Let c be d(13). Suppose -6 = -2*q - 0*q. Suppose q*a + 0*h + 2*h - c = 0, 0 = -2*a - h + 18. What is the units digit of a?
8
What is the units digit of 4 + 0/(-1 - -2)?
4
Let g = 59 + -40. What is the tens digit of g?
1
Let z(t) = t + 3 + 5*t**2 - 4*t**2 - 1. Let o be z(-6). Suppose 0 = -i + 3*q + 10, 4*i - o = 4*q - 0*q. What is the units digit of i?
7
Suppose -c + 142 = 5*a, -4*a + 8*a - 122 = -5*c. What is the units digit of a?
8
Suppose 3*b - 226 = -5*h, -b + 0*b - 2*h + 77 = 0. What is the tens digit of b?
6
Suppose 3*p + p = -4. Let c(w) = -27*w - 1. Let u be c(p). Suppose -5*n + u + 29 = 0. What is the tens digit of n?
1
Suppose -4*z - 108 = -2*i, 0*i - 48 = -i - z. What is the tens digit of i?
5
Suppose -4*w + 4*l + 1 = -23, 3*w = 5*l + 14. Let d = w + 0. What is the units digit of d?
8
Let j(f) = -f + 2. Let u be j(-3). Let a(h) be the third derivative of h**4/6 - h**3 + 7*h**2. What is the units digit of a(u)?
4
Let n(k) be the first derivative of -k**3/3 + 4*k**2 - 3. What is the units digit of n(7)?
7
Let b(l) = -2*l - 2*l + 6*l. What is the units digit of b(3)?
6
Let m = 56 + -32. What is the tens digit of m?
2
Suppose -6 + 0 = 2*s. Let c = 6 - s. What is the units digit of c?
9
Suppose 0 = -4*n - 4*g + 32, 4*g - 5 = -n - 0*n. Let j = n + -6. Suppose -1 = -3*t + 5*k - 5, 0 = 4*t - j*k - 13. What is the units digit of t?
7
Suppose 5 = j - 91. What is the units digit of j?
6
Suppose -330 + 50 = -5*k. Suppose -2*a + 60 = 4*y, -3*a + k = -4*y - 24. What is the units digit of a?
8
Suppose 108 = 25*l - 23*l. What is the units digit of l?
4
Suppose 2*f = 4 + 4. Suppose -3*i = f*a - 41, i = a - 1 + 3. What is the units digit of i?
7
Suppose -3*g + 63 + 21 = 0. What is the units digit of g?
8
Let p(h) = -15*h - 34. What is the tens digit of p(-7)?
7
Let r(k) = -k - 6 + 11 + 0*k. Let j(f) = 5*f. Let t be j(-1). What is the tens digit of r(t)?
1
Suppose 5*o + 4*y - 204 = 0, 8*y = -o + 4*y + 44. What is the units digit of o?
0
Let w = -177 - -251. What is the units digit of w?
4
Let p = 104 + -36. What is the tens digit of p?
6
Suppose -5*p + 2*p - 24 = 0. Let c(y) = -y**2 - 8*y + 2. Let z be c(p). Suppose -4*l + 4*t - 1 = -29, 5 = -l - z*t. What is the units digit of l?
3
Suppose 3*s - 4 - 8 = 2*g, -4*g - 8 = -2*s. Suppose -4*i + 5*o + 39 = 0, o - 5 + 0 = g. What is the tens digit of i?
1
Suppose 4*m = -1 - 3. Let h be 6/6 - (m + 3). What is the tens digit of ((-32)/(-10))/(h/(-5))?
1
Suppose -5*r + 26 = x, 3*x - 95 = 2*r + 68. What is the tens digit of x?
5
What is the units digit of (178/3)/(119/21 + -5)?
9
Suppose -3*f = 2*y + 2, f + 1 - 3 = 0. Let w be (-8)/10*170/y. Let v = w - 16. What is the tens digit of v?
1
What is the tens digit of 21 + (2 - 3 - -2)?
2
Let j = -2 + 4. Suppose 5*r + 3*w - 66 = 0, j*r - 3*w + 0*w = 39. What is the units digit of r?
5
Let s = 46 + 9. What is the units digit of s?
5
Suppose -3*w - 6 = 0, o = 2*o - 4*w - 22. Let r be 24/14 - (-4)/